 of v.
2, 3
Suppose -31*s = -17*s - 21644. List the prime factors of s.
2, 773
Let x = -43 - -31. Let h(r) = -r**3 - 13*r**2 - 13*r - 12. Let a be h(x). Let j = 20 + a. What are the prime factors of j?
2, 5
Let r(f) = -2*f - 6. Let w be r(-4). Let t(n) = 3 + 3 - 12*n**2 - 12*n + 0*n**w - 3*n**3 + 2*n**3. List the prime factors of t(-11).
17
Let a(r) = -9*r - 5. Let g(n) = 13*n + 7. Let l(m) = 7*a(m) + 5*g(m). Let b be l(3). Let s(h) = -h**3 + 7*h**2 - 6. List the prime factors of s(b).
2, 3, 5
List the prime factors of (4 - 6)*(-183)/3.
2, 61
Suppose 0 = v - 3*q - 17, -2*v + 0*q - 5*q = 21. Suppose 4*n = 2*a - a + 28, -v*a + 14 = 2*n. What are the prime factors of n?
7
Let k = -961 + -30. Let v = -703 - k. Suppose -42 - v = -6*x. List the prime factors of x.
5, 11
Suppose -6*k + 38 = 2. Suppose 3*r = k*r - 75. What are the prime factors of r?
5
Suppose 3*b = -1 + 16. Let a(o) be the third derivative of o**5/60 + o**4/6 - 2*o**3 + 16*o**2. What are the prime factors of a(b)?
3, 11
Let b be (-4)/10 + (-7936)/(-40). Suppose 6*m = 114 + b. Suppose 0 = 11*y - 7*y - m. List the prime factors of y.
13
Let z = 9 + 3. Let d = z - -38. What are the prime factors of d?
2, 5
Let k = -25 + 32. Suppose -288 = -k*n + 4*n. List the prime factors of n.
2, 3
What are the prime factors of (-2)/3*(-15 + (-6039)/22)?
193
List the prime factors of (-33)/55 + (-3069)/(-15).
2, 3, 17
Let g(p) = -4*p + 14. Let i = 32 - 12. Let v = i - 27. What are the prime factors of g(v)?
2, 3, 7
Let q = -13 - -22. Suppose -2*o + 0*o + 3*c + q = 0, 0 = 2*o + 4*c - 2. What are the prime factors of 11 + (-3 - -3)/o?
11
Suppose -3*x - 3*y + 1110 = 0, 2*x + 0*y = 3*y + 740. What are the prime factors of x?
2, 5, 37
Let a(u) be the first derivative of u**3/3 - 13*u**2/2 - 10*u + 3. Let t be a(14). Suppose -4 = -x - t*b, 4*x - b = 2*b + 35. What are the prime factors of x?
2
List the prime factors of (-27)/(-63) - 5678/(-14).
2, 7, 29
Suppose 0 = -5*o + 4*o. Suppose 2*h + 0*i + i = 2, o = -2*i - 4. Suppose -2*v - 2*c + 60 = 0, 90 = 3*v + h*c - 6*c. What are the prime factors of v?
2, 3, 5
Suppose -3*h + 3*s + 7 = -14, -3*h - 5*s = -13. What are the prime factors of (-3)/h + (-29)/(-2)?
2, 7
Let a be ((-8)/(-10))/((-8)/(-20)). Let x = 1 - -2. What are the prime factors of a/(-6) + 88/x?
29
Let t = -39442 - -27760. List the prime factors of (((-4)/(-6))/2)/((-33)/t).
2, 59
Suppose -521 = -3*n + 2*u, -3*n + 5*u + 875 = 2*n. List the prime factors of 19476/n - 4/(-38).
2, 3, 19
Let n = 1752 + -1230. What are the prime factors of n?
2, 3, 29
Suppose -2*n - n = -21. Let u = -4 + n. Suppose -u*m + 78 = -0*m. What are the prime factors of m?
2, 13
What are the prime factors of (-108)/126*29372/(-12)?
2, 1049
Let o(h) = 3*h**2 + 28*h + 12. Suppose 3*d = -5*b - 49, -2*b - b - 35 = -d. What are the prime factors of o(b)?
67
Let y(b) be the third derivative of 2/3*b**3 + 0 + 0*b + 1/8*b**4 + 5*b**2 - 1/120*b**6 - 1/60*b**5. List the prime factors of y(-3).
13
Let l be (-185)/(-20) - (-3)/(-12). What are the prime factors of (-1 + 31)*6/l?
2, 5
Let u(s) = 4*s**3 - s**2 - 2*s + 1. Let a be u(-2). Let j = -1 - a. What are the prime factors of 4/(-5)*j/(-4)?
2, 3
Let f = 246 - 245. Suppose 2*z = 3*m - 0*m - 237, -3*m - 3 = 0. What are the prime factors of f/(z/(-116) - 1)?
29
What are the prime factors of 5814/15 - (-82)/205?
2, 97
Suppose 2*x - b = 3441, -30*x + 25*x + 8599 = b. List the prime factors of x.
2, 5, 43
Suppose 0 = -3*w - 3 + 18. Suppose 4 = w*s - 11. Suppose -2*q = -q - s. What are the prime factors of q?
3
Let m = 230 - 142. Let p = -56 + m. Suppose -n - p = -3*n. What are the prime factors of n?
2
Let p be 25/10*16/10. Let q(w) = 6*w + 11. What are the prime factors of q(p)?
5, 7
Let i(n) be the first derivative of -7*n**2/2 - 12*n - 12. What are the prime factors of i(-11)?
5, 13
Let j be 1*(-2 - -4) + (7 - 9). Let h(o) = -o**3 + 3*o**2 + 4*o - 4. Let d be h(4). List the prime factors of (d - j) + 1 - -16.
13
Suppose -147 + 11 = 4*i. Let m be i/(-6) + 2/6. Suppose -2*x + 10 = m. What are the prime factors of x?
2
Let g = -163 - -237. Let r = g + 9. Suppose -5*k + r = -17. What are the prime factors of k?
2, 5
Let l(m) be the first derivative of 2*m**3/3 + 27*m + 17. What are the prime factors of l(-11)?
269
Let m(j) = 7*j + 166. Let x(s) = -6*s - 165. Let q(t) = -5*m(t) - 6*x(t). Let b be q(0). What are the prime factors of ((-4)/10)/((-4)/b)?
2
Let c(m) = 21*m + 29. Let t be c(-6). Let p = t + 244. List the prime factors of p.
3, 7
Suppose -3*s + 825 = -1089. Let d = s + -337. What are the prime factors of d?
7, 43
Suppose -4*c + 12 = 84. Let r = c + 21. What are the prime factors of r?
3
Suppose 80 = 5*g + 15. Let m = 96 - g. List the prime factors of m.
83
Let c(q) = 46*q**3 + 2*q**2 + 16*q + 4. What are the prime factors of c(5)?
2, 1471
Suppose -g - 4*n + 3616 = 0, -g + 4*n + 1654 + 2002 = 0. What are the prime factors of g?
2, 3, 101
Suppose -2*d = 2*g + 16, 2*g - 4*d = -0*d - 34. Let i = -9 - g. Suppose -24 = -i*a + 4*z, a + 2*a - 45 = -3*z. List the prime factors of a.
2, 7
Let s be 3/(-1 - (-44)/32). Suppose -m = 3*m - s. Suppose -4*z + 0*z + 4 = -4*f, -2*z - m*f + 18 = 0. What are the prime factors of z?
5
Let q(h) = 2*h**2 + 3*h - 4. Let y be q(-4). Let w = 13 + y. Let f = w - 12. What are the prime factors of f?
17
Suppose -3132 = -26*k + 20*k. What are the prime factors of k?
2, 3, 29
Suppose 0 = 5*k + 41 + 59. Let r be 4/6 - 760/15. List the prime factors of (16/k)/(2/r).
2, 5
Let i be 2/7 - (-111)/(-21). Let h(x) = x**2 + 6*x + 1. Let w be h(i). What are the prime factors of (94/w - -4)*-2?
3, 13
Suppose 3*f - 4*n - 13 = -2*n, 4*f = n + 14. Suppose l = v + 62, -l + 56 = -f*v - v. List the prime factors of l.
2
Let q be (4 - 0) + 0 - 34. Let m = q - -65. Let p = m + -13. What are the prime factors of p?
2, 11
Suppose -2*t = 3*c - 8*c + 155, -2*c + 41 = -5*t. Let g = -7 + c. What are the prime factors of g?
2, 13
Suppose 0 = 51*w - 56*w + 2445. What are the prime factors of w?
3, 163
Let b = -16 + 16. Suppose -5*k - 2*w + 207 = b, -2*w - w = -3*k + 120. List the prime factors of k.
41
Let k be (-90)/(-24) - (-2)/8. Suppose -k*l = 26 - 326. Let b = 117 - l. List the prime factors of b.
2, 3, 7
Suppose 4*c + 3*k - 7*k - 5268 = 0, -5232 = -4*c - 5*k. List the prime factors of c.
13, 101
Suppose -n = -2*q + 3*n - 26, n = -3*q - 25. What are the prime factors of ((-3)/q)/(3/531)?
59
Suppose 0 = -3*y + 4*i + 60, 2*i + 0*i = -5*y + 100. Let r = y + 19. List the prime factors of r.
3, 13
Let y = -174 - -982. What are the prime factors of y?
2, 101
Let b be (-11 - -10) + (1 - -2). What are the prime factors of -3*b/(-3)*38?
2, 19
Let i(u) = -u**2 - 12*u + 19. Let h be i(-13). What are the prime factors of (0 + -2)/(h/3)*-258?
2, 3, 43
Let o(u) = 58*u**2 + 8*u + 10. What are the prime factors of o(-2)?
2, 113
Let q(c) = -c**2 + 20*c - 4. Suppose d - 36 = -3*v - 0*d, -4*v = 4*d - 40. What are the prime factors of q(v)?
3, 29
Suppose r + 7*b = 3*b + 1182, 3495 = 3*r - 5*b. What are the prime factors of r?
2, 3, 5, 13
Let r(u) = u**3 + 13*u + 17. What are the prime factors of r(7)?
11, 41
Let q(k) be the first derivative of -k**2 + 19*k - 7. What are the prime factors of q(-7)?
3, 11
Let i(m) = -2*m**2 - 21*m + 15. Let o be i(-11). Suppose -z + o*h = -2*z + 124, 4 = -4*h. List the prime factors of z.
2
Let b(s) = 4*s**3 - 31*s**2 - 14*s - 7. What are the prime factors of b(13)?
2, 3, 5, 7
Suppose 3*q - c - 2506 = 0, -4*c = 5*q - 1556 - 2615. List the prime factors of q.
5, 167
Let t(a) = 76*a**2 - 8*a - 9. List the prime factors of t(-5).
1931
List the prime factors of (452/(-8) + 3)*26/(-13).
107
Let p be (-6)/10 - 815/(-25). Suppose 486 = -29*d + p*d. List the prime factors of d.
2, 3
Let l(p) = 11*p**3 - 2*p**2 + 1. Let v be l(-1). Let j = v + 16. Suppose 5*g - 8 = 2*x + 28, -j*g + x = -30. List the prime factors of g.
2
Suppose -3*u + 6*u - 900 = 0. Suppose 0 = 5*j + 5*o - 500, -o = 7*j - 4*j - u. List the prime factors of j.
2, 5
Let q = 18 + -15. Suppose -q*u + 26 + 67 = 0. What are the prime factors of u?
31
Suppose 60 = -5*v - 5*t, 59 = -3*v + v + 5*t. Suppose -z + 0*z + 17 = 0. List the prime factors of (17/v)/((-1)/z).
17
What are the prime factors of 35/42 - 4615/(-6)?
2